285
Let s(x) = 22*x**2 + 1194*x - 1188. What is s(1)?
28
Let z(j) = 2*j**3 - 15*j**2 - 87*j - 64. Calculate z(-5).
-254
Let b(f) = f**3 - 210*f**2 - 761*f + 25951. Calculate b(213).
-35
Let z(p) = 62861*p + 5971793. Calculate z(-95).
-2
Let k(n) = -18328*n + 256593. Determine k(14).
1
Let k(n) = -161*n**2 - 244*n - 2028. Give k(-6).
-6360
Let r(l) = 748*l - 35352. Calculate r(47).
-196
Let b(r) = 6*r**2 + 4444*r - 293441. What is b(61)?
-31
Let r(j) = -234*j + 34856. What is r(126)?
5372
Let x(d) = d**2 + 220397*d - 661205. Determine x(3).
-5
Let y(z) = 3*z**2 + 1550*z + 123158. Calculate y(-98).
70
Let i(w) = w**3 + 73*w**2 - 120*w - 13725. What is i(-72)?
99
Let t(z) = -118*z**2 + 6*z + 1044. Determine t(0).
1044
Let s(a) = -2*a**2 - 1754*a - 96527. Give s(-818).
-3
Let z(t) = -4*t**2 + 518*t - 16736. Calculate z(68).
-8
Let j(u) = -20631*u + 82437. Determine j(4).
-87
Let t(f) = -88280*f - 13. Give t(0).
-13
Let i(y) = -2*y**3 - 1133*y**2 + 564*y - 1485. Determine i(-567).
216
Let x(k) = 178*k + 3681. Give x(-21).
-57
Let k(q) = q**3 - 64*q**2 - 661*q + 292. Determine k(73).
0
Let o(g) = -17*g**2 - 41*g + 951. Calculate o(6).
93
Let h(q) = 11527*q - 161198. What is h(14)?
180
Let j(m) = m**3 + 19*m**2 + 63*m + 49. What is j(-15)?
4
Let w(c) = -327*c**2 - 8493*c - 36. Determine w(-26).
-270
Let q(y) = 2*y**3 + 84*y**2 - 23*y - 882. What is q(-42)?
84
Let h(a) = 2*a**3 - 101*a**2 + 1262*a - 66963. Determine h(51).
0
Let w(n) = 111*n**3 + 17*n**2 + 38*n - 56. What is w(2)?
976
Let z(x) = 202*x**2 + 346*x - 2057. Determine z(6).
7291
Let p(y) = -87*y**3 + 3649*y**2 + 216*y - 299. Calculate p(42).
-47
Let q(g) = 2*g**2 + 975*g - 86201. Determine q(-564).
91
Let n(p) = p**3 - 217*p**2 + 4639*p - 1366. Determine n(193).
-15
Let x(s) = 1514*s + 48487. What is x(-32)?
39
Let g(u) = 4315*u - 202360. What is g(47)?
445
Let x(b) = -725*b - 9290. Give x(-13).
135
Let a(r) = 2*r**2 - 172*r + 2809. Determine a(64).
-7
Let l(h) = 9*h**2 + 282*h + 5765. What is l(-20)?
3725
Let v(w) = -6*w**3 + 631*w**2 - 112*w + 359. Determine v(105).
-376
Let s(n) = 241*n + 159. Give s(-2).
-323
Let c(h) = 2*h**2 + 219*h - 7734. Determine c(-137).
-199
Let y(k) = -k**2 - 1394*k + 76783. Give y(53).
92
Let d(s) = 17*s**2 + 423*s - 72. Calculate d(-22).
-1150
Let i(d) = d**3 - 72*d**2 + 38*d - 2960. Determine i(72).
-224
Let r(i) = -19846*i - 19878. Give r(-1).
-32
Let y(c) = -68590*c - 1440401. Determine y(-21).
-11
Let l(m) = -2*m**2 - 258048*m + 2322621. Give l(9).
27
Let a(x) = -3*x**3 - 22*x**2 + 3361*x + 26740. Calculate a(-8).
-20
Let i(a) = -229*a**3 + 13*a**2 + 9*a - 93. What is i(2)?
-1855
Let z(p) = -p**2 + 81*p + 7083. Determine z(-53).
-19
Let f(v) = -2147*v - 280862. Calculate f(-131).
395
Let z(h) = 2*h**3 - 103*h**2 - 737*h + 11472. Determine z(8).
8
Let o(d) = 10234*d - 59445. Calculate o(6).
1959
Let m(k) = -854*k**2 - 1715*k + 1706. Give m(1).
-863
Let d(n) = n**3 - 91*n**2 - 4*n + 3258. Calculate d(91).
2894
Let x(c) = 19*c**3 + 35*c**2 - 277*c - 7. Give x(3).
-10
Let c(u) = 5*u**2 - 1188*u + 27514. Determine c(26).
6
Let a(s) = 408*s + 34243. Give a(-84).
-29
Let g(q) = 167*q**3 - 507*q**2 + 50*q - 88. Calculate g(3).
8
Let d(n) = -317*n - 15670. Determine d(-46).
-1088
Let i(c) = c**2 - 290*c + 12830. Give i(55).
-95
Let v(b) = -b**3 - 11*b**2 + 68*b + 5. Give v(8).
-667
Let r(a) = 287940*a + 863783. Give r(-3).
-37
Let o(u) = -21688*u + 130081. Determine o(6).
-47
Let i(g) = -g**3 - 6*g**2 + 107*g - 39. Determine i(0).
-39
Let b(s) = s**3 + 53*s**2 + 604*s + 272. What is b(-16)?
80
Let h(w) = -2221*w - 22206. What is h(-10)?
4
Let d(h) = 7*h**2 + 458*h + 58. Determine d(-65).
-137
Let y(u) = u**3 - 163*u**2 + 2612*u + 41. What is y(18)?
77
Let n(f) = -6*f**2 + 416*f - 4516. What is n(56)?
-36
Let x(l) = -19058*l - 95103. Calculate x(-5).
187
Let z(p) = 10122*p - 192911. Calculate z(19).
-593
Let c(x) = 113*x**3 - 678*x**2 + 29*x - 171. What is c(6)?
3
Let a(r) = 7761*r - 279390. Determine a(36).
6
Let y(u) = u**3 + 21*u**2 + 32*u + 68. What is y(-19)?
182
Let t(i) = i**3 - 3*i**2 - 168*i + 530. What is t(3)?
26
Let q(d) = -29*d**2 - 1108*d + 5783. What is q(-43)?
-194
Let a(n) = 37*n**2 + 4323*n + 3874. Determine a(-116).
278
Let o(a) = -8*a**2 + 3977*a - 4478. Determine o(496).
-14
Let r(v) = 24801*v + 396786. Determine r(-16).
-30
Let c(k) = -2093*k + 159048. What is c(76)?
-20
Let c(x) = 2*x**2 - 12029*x + 215885. Determine c(18).
11
Let i(o) = -16*o**2 + 447*o - 1497. Calculate i(24).
15
Let p(v) = -1756*v - 6194. Calculate p(-3).
-926
Let g(u) = u**3 - 214*u**2 + 8202*u - 301. Calculate g(164).
27
Let g(y) = y**3 + 52*y**2 + 560*y + 1336. Calculate g(-38).
272
Let u(o) = -5*o**2 - 40*o - 109. Determine u(-10).
-209
Let f(l) = -l**3 - 5*l**2 + 81*l + 441. Calculate f(-11).
276
Let k(i) = -2627*i - 267941. Calculate k(-102).
13
Let j(q) = -37893*q - 75564. Calculate j(-2).
222
Let y(j) = 1411178*j + 18345320. What is y(-13)?
6
Let f(b) = -1134*b - 12690. Calculate f(-9).
-2484
Let z(u) = u**2 - 51*u + 619. Calculate z(18).
25
Let s(i) = 95727*i - 1627326. Determine s(17).
33
Let r(t) = -38*t**2 - 29702*t + 10971. Give r(-782).
23
Let h(u) = u**2 - 64*u + 916. Calculate h(33).
-107
Let k(n) = 25379*n - 18602808. Determine k(733).
-1
Let h(t) = -t**3 + 110*t**2 - 21*t + 2252. Calculate h(110).
-58
Let m(l) = 6*l**3 + 3682*l**2 - 22315*l + 36. What is m(6)?
-6
Let n(x) = -17601*x + 57. What is n(0)?
57
Let u(z) = -341*z**2 - 272*z - 14. Calculate u(2).
-1922
Let c(y) = -373*y**2 - 1845*y + 42. Give c(-5).
-58
Let u(r) = -32*r**2 + 2049*r - 6159. Give u(3).
-300
Let f(r) = 50168*r + 1605347. Determine f(-32).
-29
Let s(n) = -n**2 + 23262*n + 186145. Give s(-8).
-15
Let b(k) = 3*k**3 - 173*k**2 - 325*k + 5255. Determine b(59).
4
Let t(r) = -166*r + 17687. Give t(107).
-75
Let q(o) = 12*o**2 - 21*o - 1234. Determine q(-21).
4499
Let q(t) = -604*t + 105094. Determine q(174).
-2
Let b(n) = n**2 + 252*n + 13029. What is b(-66)?
753
Let s(i) = i**3 + 1449*i**2 - 27906*i + 262. Calculate s(19).
-4
Let a(j) = -j**3 - 26*j**2 + 3925*j - 110. What is a(-77)?
44
Let o(l) = -67*l**2 - 6092*l + 387. Calculate o(-91).
-68
Let w(j) = -181*j**2 + 63*j - 75. What is w(0)?
-75
Let f(h) = 39739*h + 1231934. Calculate f(-31).
25
Let k(t) = 2260*t + 95004. Determine k(-42).
84
Let w(k) = -k**2 - 426*k - 8437. What is w(-405)?
68
Let u(o) = -o**3 + 328*o**2 - 25992*o - 492. Calculate u(134).
44
Let g(c) = 195*c + 14024. What is g(-74)?
-406
Let d(p) = 3*p**2 + 415*p - 76293. Determine d(-243).
9
Let h(x) = 4*x**2 - 8033*x - 162257. Give h(-20).
3
Let k(i) = -6408*i - 211472. Calculate k(-33).
-8
Let i(d) = -392*d + 11315. Calculate i(29).
-53
Let i(h) = 1037*h**3 + h**2 - 9*h - 11. Determine i(-1).
-1038
Let y(s) = 6851*s + 322010. Give y(-47).
13
Let p(i) = 83159*i + 498548. Give p(-6).
-406
Let g(r) = 2*r**3 + 111*r**2 - 823*r - 1033. Determine g(-62).
21
Let r(m) = -m**3 - 214*m**2 + 2894*m + 619324. What is r(-214)?
8
Let z(r) = -13*r**2 + 2418*r - 112414. Calculate z(92).
10
Let a(b) = -29*b**2 - 1464*b + 151. What is a(-51)?
-614
Let p(z) = -5*z**3 - 1163*z**2 - 7476*z - 4078. What is p(-226)?
-10
Let v(a) = -18*a**2 - 10613*a - 6530. Calculate v(-589).
-51
Let x(j) = -69*j**2 + 3101*j + 166. Calculate x(45).
-14
Let p(o) = -o**3 - 43*o**2 - 29*o + 141. What is p(-43)?
1388
Let w(t) = 2931181*t - 2931183. Determine w(1).
-2
Let p(f) = 113*f**2 - 8823*f + 646. Calculate p(78).
-56
Let u(b) = b**3 - 89*b**2 + 338*b + 238. Calculate u(85).
68
Let o(f) = 942*f + 3353. Calculate o(-3).
527
Let d(z) = z**3 - 157*z**2 + 6466*z - 24463. Determine d(80).
17
Let m(y) = -1214*y + 55127. Calculate m(45).
497
Let x(k) = k**3 + 447*k**2 + 3954*k + 5243. Determine x(-438).
-13
Let r(w) = -w**3 - 224*w**2 + 16020*w - 162. What is r(57)?
9
Let i(u) = u**2 - 1093*u + 27582. Determine i(26).
-160
Let d(p) = -p**3 + 571*p**2 + 2427*p + 513. Calculate d(-4).
5
Let f(w) = -68*w**2 - 1082*w + 7238. Give f(-21).
-28
Let o(v) = 51*v**2 + 7694*v - 1036. What is o(-151)?
21
Let f(u) = u**2 - 255*u - 1850. Calculate f(-7).
-16
Let p(i) = 112*i**2 - 1927*i + 2074. Calculate p(16).
-86
Let u(j) = -80*j**2 - 13124*j - 642. Calculate u(-164).
14
Let l(m) = 143*m**2 + 27167*m - 585. What is l(-1